{"id":17689,"date":"2022-11-29T09:41:10","date_gmt":"2022-11-29T09:41:10","guid":{"rendered":"https:\/\/saleslayer.upsolute.social\/index.php\/product\/apeman-15\/"},"modified":"2022-11-29T09:41:10","modified_gmt":"2022-11-29T09:41:10","slug":"apeman-15","status":"publish","type":"product","link":"https:\/\/saleslayer.upsolute.social\/index.php\/product\/apeman-15\/","title":{"rendered":"Apeman 15"},"content":{"rendered":"<p>Gro\u00dfer, leichter Bildschirm, hohe Qualit\u00e4t, hat Radio, USB-Eingang, CD, SD-Karte. Drehbarer Bildschirm f\u00fcr bessere Sicht und mehr Komfort<\/p>\n","protected":false},"excerpt":{"rendered":"<p>Gro\u00dfer, leichter Bildschirm, hohe Qualit\u00e4t, hat Radio, USB-Eingang, CD, SD-Karte. Drehbarer Bildschirm f\u00fcr bessere Sicht und mehr Komfort<\/p>\n","protected":false},"featured_media":17690,"comment_status":"open","ping_status":"closed","template":"","meta":[],"product_cat":[98,114],"product_tag":[],"_links":{"self":[{"href":"https:\/\/saleslayer.upsolute.social\/index.php\/wp-json\/wp\/v2\/product\/17689"}],"collection":[{"href":"https:\/\/saleslayer.upsolute.social\/index.php\/wp-json\/wp\/v2\/product"}],"about":[{"href":"https:\/\/saleslayer.upsolute.social\/index.php\/wp-json\/wp\/v2\/types\/product"}],"replies":[{"embeddable":true,"href":"https:\/\/saleslayer.upsolute.social\/index.php\/wp-json\/wp\/v2\/comments?post=17689"}],"wp:featuredmedia":[{"embeddable":true,"href":"https:\/\/saleslayer.upsolute.social\/index.php\/wp-json\/wp\/v2\/media\/17690"}],"wp:attachment":[{"href":"https:\/\/saleslayer.upsolute.social\/index.php\/wp-json\/wp\/v2\/media?parent=17689"}],"wp:term":[{"taxonomy":"product_cat","embeddable":true,"href":"https:\/\/saleslayer.upsolute.social\/index.php\/wp-json\/wp\/v2\/product_cat?post=17689"},{"taxonomy":"product_tag","embeddable":true,"href":"https:\/\/saleslayer.upsolute.social\/index.php\/wp-json\/wp\/v2\/product_tag?post=17689"}],"curies":[{"name":"wp","href":"https:\/\/api.w.org\/{rel}","templated":true}]}}