{"id":17691,"date":"2022-11-29T09:41:10","date_gmt":"2022-11-29T09:41:10","guid":{"rendered":"https:\/\/saleslayer.upsolute.social\/index.php\/product\/armonica-hohner-blues-harp-532-20gx\/"},"modified":"2022-11-29T09:41:10","modified_gmt":"2022-11-29T09:41:10","slug":"armonica-hohner-blues-harp-532-20gx","status":"publish","type":"product","link":"https:\/\/saleslayer.upsolute.social\/index.php\/product\/armonica-hohner-blues-harp-532-20gx\/","title":{"rendered":"Arm\u00f3nica Hohner Blues Harp 532\/20GX"},"content":{"rendered":"<p>&#8211; Harmonische Hohner Blues Harfe diatonisch 20-stimmig mythisch f\u00fcr Blues.<br \/>\n&#8211; Entwickelt, um einen gleichm\u00e4\u00dfigen Ton und ein gleichm\u00e4\u00dfiges Volumen f\u00fcr den Einsatz im Blues zu erhalten.<br \/>\n&#8211; Kamm aus Holz f\u00fcr die gesamte Bandbreite der Noten.<br \/>\n&#8211; Messinglappen von 0,9 mm.<br \/>\n&#8211; Hergestellt in Deutschland.<br \/>\n&#8211; Modell 532 \/ 20GX.<br \/>\n&#8211; Tuned in Sun.<\/p>\n","protected":false},"excerpt":{"rendered":"<p>&#8211; Harmonische Hohner Blues Harfe diatonisch 20-stimmig mythisch f\u00fcr Blues. &#8211; Entwickelt, um einen gleichm\u00e4\u00dfigen Ton und ein gleichm\u00e4\u00dfiges Volumen f\u00fcr den Einsatz im Blues&#8230;<\/p>\n<div class=\"more-link-wrapper\"><a class=\"more-link\" href=\"https:\/\/saleslayer.upsolute.social\/index.php\/product\/armonica-hohner-blues-harp-532-20gx\/\">Read More<span class=\"screen-reader-text\">Arm\u00f3nica Hohner Blues Harp 532\/20GX<\/span><\/a><\/div>\n","protected":false},"featured_media":17692,"comment_status":"open","ping_status":"closed","template":"","meta":[],"product_cat":[104],"product_tag":[],"_links":{"self":[{"href":"https:\/\/saleslayer.upsolute.social\/index.php\/wp-json\/wp\/v2\/product\/17691"}],"collection":[{"href":"https:\/\/saleslayer.upsolute.social\/index.php\/wp-json\/wp\/v2\/product"}],"about":[{"href":"https:\/\/saleslayer.upsolute.social\/index.php\/wp-json\/wp\/v2\/types\/product"}],"replies":[{"embeddable":true,"href":"https:\/\/saleslayer.upsolute.social\/index.php\/wp-json\/wp\/v2\/comments?post=17691"}],"wp:featuredmedia":[{"embeddable":true,"href":"https:\/\/saleslayer.upsolute.social\/index.php\/wp-json\/wp\/v2\/media\/17692"}],"wp:attachment":[{"href":"https:\/\/saleslayer.upsolute.social\/index.php\/wp-json\/wp\/v2\/media?parent=17691"}],"wp:term":[{"taxonomy":"product_cat","embeddable":true,"href":"https:\/\/saleslayer.upsolute.social\/index.php\/wp-json\/wp\/v2\/product_cat?post=17691"},{"taxonomy":"product_tag","embeddable":true,"href":"https:\/\/saleslayer.upsolute.social\/index.php\/wp-json\/wp\/v2\/product_tag?post=17691"}],"curies":[{"name":"wp","href":"https:\/\/api.w.org\/{rel}","templated":true}]}}