{"id":17741,"date":"2022-11-29T09:41:16","date_gmt":"2022-11-29T09:41:16","guid":{"rendered":"https:\/\/saleslayer.upsolute.social\/index.php\/product\/2-x-whirlpool-8206232a\/"},"modified":"2022-11-29T09:41:16","modified_gmt":"2022-11-29T09:41:16","slug":"2-x-whirlpool-8206232a","status":"publish","type":"product","link":"https:\/\/saleslayer.upsolute.social\/index.php\/product\/2-x-whirlpool-8206232a\/","title":{"rendered":"2 X Whirlpool 8206232A"},"content":{"rendered":"<p>Creative Hobbies Flame Das einzigartig geformte Licht blinkt mit einem weichen orangefarbenen Licht wie eine echte Kerzenflamme!<br \/>\nNiedrige Wattleistung, entwickelt f\u00fcr Umgebungen ohne helles Licht (spart Energie nur 3 Watt) 130 Volt, 1500 Stunden durchschnittliche Lebensdauer<br \/>\nStandard-Sockel (E26, Edison) mit Bronze-Sockel f\u00fcr eine formschl\u00fcssige Verbindung.<br \/>\nF\u00fcr den dekorativen Einsatz verwandeln Sie Ihre Lampen in einzigartige Gespr\u00e4chsgegenst\u00e4nde.<br \/>\nPacken Sie 5 Gl\u00fchbirnen (jede Box einzeln) in einen Safe f\u00fcr eine sichere Lieferung.<\/p>\n","protected":false},"excerpt":{"rendered":"<p>Creative Hobbies Flame Das einzigartig geformte Licht blinkt mit einem weichen orangefarbenen Licht wie eine echte Kerzenflamme! Niedrige Wattleistung, entwickelt f\u00fcr Umgebungen ohne helles Licht&#8230;<\/p>\n<div class=\"more-link-wrapper\"><a class=\"more-link\" href=\"https:\/\/saleslayer.upsolute.social\/index.php\/product\/2-x-whirlpool-8206232a\/\">Read More<span class=\"screen-reader-text\">2 X Whirlpool 8206232A<\/span><\/a><\/div>\n","protected":false},"featured_media":17742,"comment_status":"open","ping_status":"closed","template":"","meta":[],"product_cat":[108],"product_tag":[],"_links":{"self":[{"href":"https:\/\/saleslayer.upsolute.social\/index.php\/wp-json\/wp\/v2\/product\/17741"}],"collection":[{"href":"https:\/\/saleslayer.upsolute.social\/index.php\/wp-json\/wp\/v2\/product"}],"about":[{"href":"https:\/\/saleslayer.upsolute.social\/index.php\/wp-json\/wp\/v2\/types\/product"}],"replies":[{"embeddable":true,"href":"https:\/\/saleslayer.upsolute.social\/index.php\/wp-json\/wp\/v2\/comments?post=17741"}],"wp:featuredmedia":[{"embeddable":true,"href":"https:\/\/saleslayer.upsolute.social\/index.php\/wp-json\/wp\/v2\/media\/17742"}],"wp:attachment":[{"href":"https:\/\/saleslayer.upsolute.social\/index.php\/wp-json\/wp\/v2\/media?parent=17741"}],"wp:term":[{"taxonomy":"product_cat","embeddable":true,"href":"https:\/\/saleslayer.upsolute.social\/index.php\/wp-json\/wp\/v2\/product_cat?post=17741"},{"taxonomy":"product_tag","embeddable":true,"href":"https:\/\/saleslayer.upsolute.social\/index.php\/wp-json\/wp\/v2\/product_tag?post=17741"}],"curies":[{"name":"wp","href":"https:\/\/api.w.org\/{rel}","templated":true}]}}